is divided by 6?
4
Calculate the remainder when 3397 is divided by 8.
5
Calculate the remainder when 993 is divided by 50.
43
Calculate the remainder when 321 is divided by 81.
78
Calculate the remainder when 2797 is divided by 29.
13
Calculate the remainder when 495 is divided by 14.
5
Calculate the remainder when 222 is divided by 32.
30
Calculate the remainder when 4153 is divided by 11.
6
What is the remainder when 834 is divided by 136?
18
Calculate the remainder when 145 is divided by 38.
31
What is the remainder when 137 is divided by 72?
65
Calculate the remainder when 306 is divided by 122.
62
Calculate the remainder when 53038 is divided by 221.
219
What is the remainder when 125 is divided by 9?
8
Calculate the remainder when 378 is divided by 126.
0
What is the remainder when 391 is divided by 11?
6
Calculate the remainder when 2139 is divided by 33.
27
Calculate the remainder when 1125 is divided by 113.
108
What is the remainder when 228 is divided by 61?
45
What is the remainder when 5744 is divided by 213?
206
What is the remainder when 280 is divided by 81?
37
What is the remainder when 64 is divided by 30?
4
What is the remainder when 1615 is divided by 803?
9
Calculate the remainder when 258 is divided by 29.
26
What is the remainder when 27 is divided by 17?
10
Calculate the remainder when 2203 is divided by 25.
3
Calculate the remainder when 2808 is divided by 148.
144
What is the remainder when 145 is divided by 78?
67
Calculate the remainder when 11804 is divided by 82.
78
Calculate the remainder when 46 is divided by 23.
0
Calculate the remainder when 138 is divided by 36.
30
What is the remainder when 2267 is divided by 749?
20
What is the remainder when 273 is divided by 9?
3
What is the remainder when 6365 is divided by 2117?
14
Calculate the remainder when 162 is divided by 17.
9
Calculate the remainder when 633 is divided by 78.
9
Calculate the remainder when 321 is divided by 63.
6
Calculate the remainder when 481 is divided by 52.
13
Calculate the remainder when 1488 is divided by 40.
8
Calculate the remainder when 47 is divided by 26.
21
What is the remainder when 315 is divided by 9?
0
Calculate the remainder when 3191 is divided by 103.
101
What is the remainder when 573 is divided by 69?
21
What is the remainder when 426 is divided by 144?
138
What is the remainder when 397 is divided by 395?
2
What is the remainder when 2717 is divided by 18?
17
What is the remainder when 795 is divided by 21?
18
What is the remainder when 215 is divided by 45?
35
Calculate the remainder when 450 is divided by 49.
9
Calculate the remainder when 9130 is divided by 105.
100
What is the remainder when 484 is divided by 62?
50
Calculate the remainder when 1282 is divided by 161.
155
What is the remainder when 14433 is divided by 249?
240
What is the remainder when 226 is divided by 19?
17
What is the remainder when 39 is divided by 25?
14
Calculate the remainder when 580 is divided by 168.
76
Calculate the remainder when 155 is divided by 18.
11
What is the remainder when 28708 is divided by 15?
13
Calculate the remainder when 46 is divided by 18.
10
Calculate the remainder when 256 is divided by 20.
16
Calculate the remainder when 481 is divided by 4.
1
What is the remainder when 435 is divided by 255?
180
Calculate the remainder when 233 is divided by 64.
41
What is the remainder when 807 is divided by 102?
93
What is the remainder when 118 is divided by 50?
18
What is the remainder when 1160 is divided by 272?
72
What is the remainder when 669 is divided by 11?
9
What is the remainder when 4478 is divided by 10?
8
What is the remainder when 204 is divided by 44?
28
What is the remainder when 2213 is divided by 225?
188
What is the remainder when 12275 is divided by 66?
65
Calculate the remainder when 108 is divided by 35.
3
Calculate the remainder when 1157 is divided by 295.
272
What is the remainder when 385 is divided by 17?
11
What is the remainder when 137 is divided by 64?
9
Calculate the remainder when 3454 is divided by 493.
3
What is the remainder when 110 is divided by 45?
20
What is the remainder when 697 is divided by 10?
7
What is the remainder when 61 is divided by 35?
26
What is the remainder when 3342 is divided by 19?
17
Calculate the remainder when 391 is divided by 49.
48
Calculate the remainder when 93 is divided by 36.
21
What is the remainder when 697 is divided by 99?
4
What is the remainder when 321 is divided by 25?
21
What is the remainder when 3289 is divided by 14?
13
What is the remainder when 2340 is divided by 196?
184
Calculate the remainder when 1972 is divided by 117.
100
What is the remainder when 375 is divided by 136?
103
What is the remainder when 5592 is divided by 2790?
12
Calculate the remainder when 169 is divided by 43.
40
Calculate the remainder when 683 is divided by 668.
15
Calculate the remainder when 114 is divided by 35.
9
Calculate the remainder when 2229 is divided by 186.
183
What is the remainder when 1149 is divided by 32?
29
Calculate the remainder when 2624 is divided by 2614.
10
Calculate the remainder when 16069 is divided by 11.
9
What is the remainder when 131 is divided by 37?
20
Calculate the remainder when 41 is divided by 22.
19
Calculate the remainder when 296 is divided by 25.
21
Calculate the remainder when 2207 is divided by 46.
45
What is the remainder when 134 is divided by 134?
0
Calculate the remainder when 426 is divided by 11.
8
Calculate the remainder when 72 is divided by 36.
0
What is the remainder when 218 is divided by 25?
18
Calculate the remainder when 717 is divided by 78.
15
Calculate the remainder when 2812 is divided by 143.
95
What is the remainder when 2679 is divided by 225?
204
Calculate the remainder when 720 is divided by 32.
16
Calculate the remainder when 55 is divided by 14.
13
What is the remainder when 2882 is divided by 49?
40
Calculate the remainder when 85 is divided by 48.
37
Calculate the remainder when 1070 is divided by 71.
5
Calculate the remainder when 787 is divided by 10.
7
What is the remainder when 2269 is divided by 19?
8
What is the remainder when 25 is divided by 11?
3
What is the remainder when 89 is divided by 84?
5
Calculate the remainder when 170 is divided by 92.
78
What is the remainder when 430 is divided by 14?
10
Calculate the remainder when 47 is divided by 23.
1
What is the remainder when 1830 is divided by 13?
10
What is the remainder when 119 is divided by 61?
58
Calculate the remainder when 87 is divided by 46.
41
What is the remainder when 1749 is divided by 73?
70
What is the remainder when 221 is divided by 74?
73
Calculate the remainder when 215 is divided by 27.
26
Calculate the remainder when 1737 is divided by 76.
65
What is the remainder when 254 is divided by 5?
4
What is the remainder when 194 is divided by 32?
2
Calculate the remainder when 517 is divided by 127.
9
What is the remainder when 347 is divided by 53?
29
Calculate the remainder when 187 is divided by 21.
19
Calculate the remainder when 488 is divided by 29.
24
Calculate the remainder when 78 is divided by 14.
8
What is the remainder when 253 is divided by 249?
4
Calculate the remainder when 1289 is divided by 15.
14
What is the remainder when 710 is divided by 31?
28
Calculate the remainder when 56 is divided by 15.
11
Calculate the remainder when 383 is divided by 48.
47
What is the remainder when 19388 is divided by 23?
22
Calculate the remainder when 187 is divided by 32.
27
Calculate the remainder when 501 is divided by 6.
3
What is the remainder when 58 is divided by 28?
2
Calculate the remainder when 645 is divided by 38.
37
Calculate the remainder when 318 is divided by 31.
8
Calculate the remainder when 40 is divided by 23.
17
Calculate the remainder when 1567 is divided by 16.
15
What is the remainder when 368 is divided by 10?
8
Calculate the remainder when 1715 is divided by 33.
32
Calculate the remainder when 4441 is divided by 26.
21
What is the remainder when 951 is divided by 18?
15
What is the remainder when 242 is divided by 63?
53
What is the remainder when 13 is divided by 1?
0
What is the remainder when 373 is divided by 27?
22
Calculate the remainder when 620 is divided by 206.
2
Calculate the remainder 